 57 a factor of 21101?
False
Is 6 a factor of 12?
True
Is 7592 a multiple of 8?
True
Is 13765 a multiple of 25?
False
Is 47345 a multiple of 5?
True
Is 25079 a multiple of 153?
False
Does 15 divide 489?
False
Is 2975 a multiple of 12?
False
Is 264 a multiple of 44?
True
Is 26 a multiple of 6?
False
Does 13 divide 591?
False
Is 2391 a multiple of 13?
False
Does 88 divide 3344?
True
Is 671 a multiple of 7?
False
Does 55 divide 2885?
False
Is 1974 a multiple of 47?
True
Is 26 a factor of 3323?
False
Is 2105 a multiple of 90?
False
Is 44 a factor of 308?
True
Is 14 a factor of 9758?
True
Is 4 a factor of 99?
False
Is 9 a factor of 7308?
True
Is 15200 a multiple of 18?
False
Is 769 a multiple of 12?
False
Is 995 a multiple of 126?
False
Does 27 divide 1313?
False
Does 38 divide 36941?
False
Is 4 a factor of 31686?
False
Does 4 divide 16?
True
Does 8 divide 96?
True
Is 42 a factor of 336?
True
Is 688 a multiple of 7?
False
Does 51 divide 1224?
True
Is 69518 a multiple of 13?
False
Is 10 a factor of 668?
False
Does 10 divide 10440?
True
Is 82 a factor of 82?
True
Does 30 divide 3300?
True
Is 6766 a multiple of 18?
False
Does 74 divide 2294?
True
Is 435 a multiple of 87?
True
Is 858 a multiple of 33?
True
Is 9767 a multiple of 7?
False
Does 69 divide 3370?
False
Is 9 a factor of 18?
True
Does 11 divide 693?
True
Does 190 divide 26600?
True
Does 5 divide 29?
False
Is 2232 a multiple of 31?
True
Does 8 divide 20544?
True
Is 1262 a multiple of 46?
False
Is 11 a factor of 4697?
True
Is 6423 a multiple of 14?
False
Is 106 a multiple of 22?
False
Does 14 divide 20594?
True
Is 39 a factor of 1010?
False
Is 32 a multiple of 32?
True
Is 2297 a multiple of 24?
False
Does 12 divide 1703?
False
Is 21 a factor of 11095?
False
Does 36 divide 15109?
False
Is 3338 a multiple of 32?
False
Is 24489 a multiple of 9?
True
Is 46 a factor of 3614?
False
Does 44 divide 42152?
True
Does 20 divide 487?
False
Is 3971 a multiple of 8?
False
Is 3183 a multiple of 15?
False
Is 560 a multiple of 7?
True
Is 105 a multiple of 28?
False
Is 46 a factor of 184?
True
Does 17 divide 23325?
False
Is 6018 a multiple of 51?
True
Does 30 divide 5460?
True
Does 118 divide 95314?
False
Is 5 a factor of 2328?
False
Does 3 divide 64?
False
Is 71 a factor of 42640?
False
Is 127 a factor of 46306?
False
Is 5 a factor of 2512?
False
Does 8 divide 43993?
False
Is 430 a multiple of 43?
True
Is 15295 a multiple of 19?
True
Does 71 divide 7565?
False
Is 81 a factor of 486?
True
Is 11 a factor of 880?
True
Does 5 divide 660?
True
Does 46 divide 5520?
True
Is 6 a factor of 30872?
False
Does 68 divide 1748?
False
Is 13 a factor of 772?
False
Is 26 a factor of 3531?
False
Is 11 a factor of 77?
True
Is 9214 a multiple of 3?
False
Is 4 a factor of 4040?
True
Is 232 a multiple of 9?
False
Is 32 a factor of 2976?
True
Is 17642 a multiple of 86?
False
Is 3 a factor of 960?
True
Does 5 divide 1315?
True
Does 178 divide 26070?
False
Does 6 divide 642?
True
Is 12 a factor of 12772?
False
Is 20 a factor of 19960?
True
Is 23 a factor of 15479?
True
Is 689 a multiple of 13?
True
Is 4948 a multiple of 6?
False
Is 112 a multiple of 6?
False
Is 17 a factor of 24303?
False
Is 84 a factor of 3829?
False
Is 1152 a multiple of 18?
True
Is 1008 a multiple of 24?
True
Is 266 a factor of 19684?
True
Is 51 a factor of 21504?
False
Does 26 divide 41600?
True
Is 5 a factor of 260?
True
Does 3 divide 563?
False
Is 62595 a multiple of 195?
True
Is 72 a multiple of 36?
True
Is 8 a factor of 33799?
False
Does 25 divide 846?
False
Is 4482 a multiple of 124?
False
Does 29 divide 6641?
True
Is 9073 a multiple of 6?
False
Does 10 divide 5449?
False
Does 20 divide 7159?
False
Is 13346 a multiple of 43?
False
Does 74 divide 164?
False
Is 5136 a multiple of 7?
False
Does 7 divide 623?
True
Is 10 a factor of 46380?
True
Is 12308 a multiple of 30?
False
Is 55 a factor of 8298?
False
Is 984 a multiple of 8?
True
Is 6896 a multiple of 38?
False
Is 251 a factor of 21586?
True
Is 360 a multiple of 18?
True
Is 102080 a multiple of 64?
True
Is 75 a factor of 75?
True
Does 7 divide 21?
True
Is 9064 a multiple of 49?
False
Does 5 divide 2671?
False
Is 1790 a multiple of 6?
False
Is 126 a multiple of 13?
False
Is 10 a factor of 85?
False
Does 10 divide 31?
False
Does 55 divide 1265?
True
Is 676 a multiple of 27?
False
Is 20412 a multiple of 224?
False
Does 192 divide 15716?
False
Is 15 a factor of 375?
True
Does 78 divide 1207?
False
Is 2579 a multiple of 7?
False
Is 29 a factor of 18676?
True
Does 22 divide 152121?
False
Is 46 a factor of 21180?
False
Is 51 a factor of 318?
False
Is 28 a factor of 1778?
False
Is 23 a factor of 1495?
True
Is 65 a factor of 66811?
False
Does 6 divide 5880?
True
Does 11 divide 203?
False
Is 7 a factor of 24052?
True
Is 34 a factor of 1156?
True
Does 63 divide 1008?
True
Is 81 a multiple of 7?
False
Is 27 a factor of 39150?
True
Does 30 divide 1205?
False
Does 128 divide 114304?
True
Is 7 a factor of 1078?
True
Is 12 a factor of 3334?
False
Is 29440 a multiple of 20?
True
Is 18 a factor of 1080?
True
Is 9968 a multiple of 14?
True
Is 17 a factor of 17663?
True
Does 6 divide 36?
True
Is 480 a multiple of 20?
True
Is 6 a factor of 946?
False
Is 275 a multiple of 42?
False
Does 12 divide 3804?
True
Does 15 divide 1110?
True
Is 214 a factor of 214?
True
Does 14 divide 7042?
True
Is 198 a multiple of 6?
True
Is 1260 a multiple of 10?
True
Is 1050 a multiple of 87?
False
Is 8863 a multiple of 14?
False
Does 16 divide 2042?
False
Is 18 a multiple of 9?
True
Is 14235 a multiple of 138?
False
Is 7 a factor of 567?
True
Is 2531 a multiple of 70?
False
Is 2326 a multiple of 61?
False
Does 48 divide 13296?
True
Is 3741 a multiple of 54?
False
Is 2453 a multiple of 15?
False
Is 3 a factor of 12633?
True
Does 70 divide 3710?
True
Is 103 a factor of 10197?
True
Does 135 divide 7425?
True
Is 90 a multiple of 9?
True
Is 200 a multiple of 20?
True
Is 29229 a multiple of 210?
False
Is 902 a multiple of 10?
False
Does 3 divide 768?
True
Does 38 divide 2914?
False
Is 300 a multiple of 15?
True
Is 26 a factor of 751?
False
Does 46 divide 7636?
True
Does 19 divide 5487?
False
Is 28 a factor of 2604?
True
Does 83 divide 20102?
False
Is 9 a factor of 4418?
False
Is 7 a multiple of 3?
False
Is 2176 a multiple of 16?
True
Is 602 a multiple of 43?
True
Is 9217 a multiple of 32?
False
Is 12 a multiple of 5?
False
Is 6 a factor of 60?
True
Does 5 divide 2970?
True
Is 17 a factor of 476?
True
Is 13 a factor of 5065?
False
Is 14 a factor of 34?
False
Is 20 a factor of 102800?
True
Does 11 divide 374?
True
Does 16 divide 345?
False
Is 22 a factor of 750?
False
Is 111 a multiple of 8?
False
Is 29403 a multiple of 99?
True
Is 1353 a multiple of 33?
True
Does 52 divide 13100?
False
Is 1259 a multiple of 43?
False
Is 25 a factor of 2100?
True
Does 14 divide 1351?
False
Is 261 a factor of 34519?
False
Does 4 divide 5700?
True
Is 11 a factor of 1689?
False
Is 26 a factor of 1310?
False
Does 171 divide 4104?
True
Does 5 divide 130?
True
Does 14 divide 17374?
True
Is 3 a factor of 1026?
True
Is 4903 a multiple of 2?
False
Does 43 divide 684?
False
Is 14 a factor of 3873?
False
Is 2586 a multiple of 20?
False
Does 13 divide 533?
True
Is 275 a multiple of 20?
False
Is 615 a multiple of 5?
True
Is 192 a multiple of 4?
True
Is 11 a factor of 107206?
True
Does 38 divide 1210?
False
Is 13 a factor of 522?
False
Is 119 a factor of 7735?
True
Is 30 a factor of 3186?
False
Is 17 a factor of 16133?
True
Does 16 divide 1508?
False
Is 424 a multiple of 4?
True
Is 3498 a multiple of 33?
True
Is 24570 a multiple of 13?
True
Is 1704 a multiple of 3?
True
Is 74820 a multiple of 20?
True
Is 53 a factor of 635?
False
Is 5237 a multiple of 11?
False
Is 61 a factor of 22021?
True
Is 10535 a multiple of 43?
True
Is 280 a multiple of 9?
False
Is 88200 a multiple of 50?
True
Is 19 a factor of 12460?
False
Does 12 divide 588?
True
Is 101400 a multiple of 12?
True
Is 4030 a multiple of 31?
True
Does 8 divide 1017?
False
Is 19 a factor of 1214?
False
Does 2 divide 481?
False
Does 27 divide 351?
True
Is 18 a factor of 540?
True
Is 35 a factor of 30172?
False
Does 19 divide 570?
True
Is 174 a multiple of 7?
False
Is 15808 a multiple of 111?
False
Does 25 divide 600?
True
Does 11 divi